Let a(y) = 5*y + 2. Let b(d) = d. Let m(u) = a(u) - 4*b(u). Calculate m(s).
-2
Let k(c) = 4*c**2 + 2. Suppose 2*z = -5*h + 8, -h = -17*z + 13*z + 16. What is k(z)?
66
Let s be (108/15)/(3/(-15)). Let a be 2 - ((-18)/15)/((-6)/20). Let z be s/(-20) + a - (-11)/5. Let k(u) = -2*u**2 + 4*u - 3. Calculate k(z).
-3
Let i(w) = -5*w**3 - 1172 + w**3 + 5*w**3 + 3*w - 6*w**2 + 1175 + 9*w**2. Give i(-3).
-6
Let a be 3*(-3 - (-22)/6) - -1. Suppose -6 = -d - y + a, -d + 15 = -2*y. Let q(g) = -d*g**2 + 10*g**2 - 4*g - 5*g**2 - 2*g - g**3. Calculate q(-5).
5
Let i(x) = -x + 25. Let q(s) = -23*s + 152. Let m(y) = -8*y + 51. Let f(d) = -17*m(d) + 6*q(d). Let j(u) = -6*f(u) + 11*i(u). Calculate j(-6).
-1
Let t be 3/(-15) + 2331/555. Let x(h) = 14*h - 66. Calculate x(t).
-10
Let p(s) = -2*s**2 + 11*s + 28. Let v be p(9). Let m(f) = 5*f + 182. What is m(v)?
7
Let f = 155 - 100. Let w = f + -52. Let l(m) = -94*m**2 + m**w + 103*m**2 + 2 + 4 + 9*m. Give l(-8).
-2
Let s(y) = -53*y + 82. Let a(b) = -15*b + 28. Let d(l) = -7*a(l) + 2*s(l). Give d(-13).
-19
Let z be 1*(1 + -8 + -8). Let s be 3*(-10)/z*4/8. Let c(f) = 5*f**2 + f - 1. Give c(s).
5
Let t(n) = 36*n - 102. Suppose 2*u + 5 = 5*y, -11 = -2*y + 10*u - 11*u. Calculate t(y).
6
Let p = 238 + -226. Suppose -11*i - p*i = 253. Let n(k) = -k**3 - 12*k**2 - 10*k + 5. Give n(i).
-6
Let u(i) = 396*i - 19 + 49 - 20 - 409*i + i**2. What is u(7)?
-32
Let v(p) be the second derivative of p**5/12 - p**4/12 + p**3/6 - 45*p**2 - 189*p. Let k(r) be the first derivative of v(r). Give k(2).
17
Let p be (1 - 3/2)*(1 - 9). Let m(z) = z**3 - 2*z**3 + 3*z**3 - 3*z**3 - p*z - 6 - 7*z**2. Let q(j) = 10*j + 24. Let n be q(-3). Calculate m(n).
-18
Let c(d) = -14*d - 6. Let x be c(-2). Let r(m) = x*m - 3 - 19*m - 3. Let k(v) = -10*v + 17. Let n(u) = -2*k(u) - 7*r(u). Calculate n(0).
8
Suppose 16*k - 21*k = 4*t - 99, 5*t + 33 = 2*k. Let p(b) = -b**3 + 19*b**2 + b - 41. Calculate p(k).
-22
Let v(m) = 41*m - 4. Let r(o) be the first derivative of -38*o**2 + 7*o + 146. Let n(j) = -4*r(j) - 7*v(j). Determine n(-1).
-17
Let z(w) = -w - 4. Let p = -21 + 22. Suppose l + 1 + p = -2*s, 2*s - 3*l + 10 = 0. Let t be (-6 - 0)*(-1)/s. What is z(t)?
-1
Let j be (1 - 56/(-9)) + 10 + (-276)/27. Suppose -21 + 0 = f. Let l be (4 - 30/j) + (-27)/f. Let x(c) = 6*c**2. Determine x(l).
6
Let g = -3 + 7. Let v(a) be the second derivative of a**4/12 - 2*a**3/3 + 5*a**2/2 + 9*a - 231. Calculate v(g).
5
Suppose -5*t + 6*t - 12 = 0. Let l be (8 + -12)*(3/t + 1). Let a(d) = d**3 + 4*d**2 - 2*d. Give a(l).
-15
Let b(i) = i. Let h(r) = r**2 + 6*r + 1. Suppose 2*k - 7*k - 45 = 0. Let p be h(k). Let q = 29 - p. Give b(q).
1
Let a(k) = -11 + k**3 - 710*k - 742*k - k**2 + 1441*k. Calculate a(4).
-7
Let m(w) = -2*w + 6 - 6*w**2 + w**2 + 4*w**2. Let k be ((-4)/(-2) + -1)/(4 - 38/10). What is m(k)?
-29
Suppose -d - 3*a = -0*a - 49, -3*a + 6 = 0. Let k(x) = 17 + 4*x + 8 - d + 20. Determine k(-2).
-6
Let l be (-30)/(-8) - 3/(-12). Let r(w) = -9*w + 30 + 30 - 95 + 31 + 13*w. Determine r(l).
12
Let p be -1 - (2 + -1 - -1). Let w(d) be the first derivative of 3*d**2 - 2*d + 106369. Determine w(p).
-20
Suppose 4*l - 20 = 0, -l + 31 + 58 = -2*i. Let j = 47 + i. Let g(z) = 4*z + 21. Let w(u) = u + 5. Let s(c) = 2*g(c) - 9*w(c). Determine s(j).
-8
Suppose 9 = -3*x + 3*y, -34 - 1 = 5*x + 5*y. Let q(p) = -4*p + 49. Give q(x).
69
Let v(z) = 37*z - 123*z + 7*z**2 + 0*z**3 + 17*z - 262 + z**3 + 31*z. Give v(-6).
2
Let l(p) = 22*p**2 + 16*p + 144. Let r(a) = -10*a**2 - 7*a - 71. Let h(s) = -4*l(s) - 9*r(s). Determine h(0).
63
Let d(z) = z**3 - 3*z**2 - 4*z. Let w = 158 + -150. Let u be (320/12)/w - (-4)/6. Give d(u).
0
Let o(s) be the first derivative of s**4/4 + 4*s**3/3 + 3*s**2/2 + 178. Let g(m) = -2*m**2 + m + 12. Let d be g(0). Let u = -14 + d. What is o(u)?
2
Let y(i) = -3*i - 12206 - 12276 + 24422. Give y(0).
-60
Let k be 21/28 + (-6)/(-24). Let h(d) = -14*d**2. What is h(k)?
-14
Let l(n) = 2*n**2 - 2*n - 3. Let c = -605 + 607. Give l(c).
1
Let v(t) = t**3 + 25*t**2 + 46*t - 3. Suppose 0 = 41*o - 401*o + 3113 - 11393. Give v(o).
-3
Let x(c) = -4*c**2 - 15*c + 6. Let v be x(-4). Let p(z) = 6*z + 2*z**v + 7*z**2 + z**2 - 6 - 11*z**2 - 5. Give p(6).
-11
Let f(l) = -30*l + 4. Let h(r) = -28*r + 3. Let o(p) = 5*f(p) - 6*h(p). Let n(d) = -d**3 - 13*d**2 - 37*d - 68. Let m be n(-10). Calculate o(m).
38
Let w = 1213 + -1216. Let o(i) = i. Let t(f) = 12*f + 10. Let d(v) = -8*o(v) + t(v). Let z be d(w). Let x(b) = b**2 + b - 1. Give x(z).
1
Let l = 499 + -463. Suppose -26*g + 62 - l = 0. Let d(x) = -5*x + 1. Determine d(g).
-4
Let u(t) = t**2 + 10*t + 1. Let v = -3 - -18. Suppose 127 - 997 = v*b. Let w be b/6 - 8/(-12). Calculate u(w).
-8
Let y(j) = j**3 - 2*j - j**2 - 5 - 4*j**2 - 2*j**3. Let p = -654 + 658. Suppose 4*i + 4*s = 7*s - 22, -3*i + p*s = 20. Calculate y(i).
-13
Suppose 5*u = 2*t + 3*u + 12, -5*t - 30 = -2*u. Let o(v) = 2*v**2 + 14*v + 10. Give o(t).
-2
Let m(i) = 26 + 3*i**3 - 2*i**2 - 10*i**2 + 34*i**2 + 33*i**2 + 2*i**3. Give m(-11).
26
Let m(f) = -f**2 - 39*f - 10. Suppose -2428 = 51*l - 439. Give m(l).
-10
Suppose 15127 = -326*c + 2487*c. Let q(a) = 3*a**2 - 5*a + 3. Let i(j) = -7*j**2 + 9*j - 6. Let n = 4 + -2. Let p(g) = n*i(g) + 5*q(g). Determine p(c).
3
Let r = -179 + 174. Let f(d) = -d**3 - 4*d**2 + 10*d + 19. Let i be f(r). Let x(p) = -p**2 - 4*p + 1. Determine x(i).
-11
Let g(t) = -4038 + 4*t**2 + 2*t**3 - 3*t**3 + 8*t**2 - 19*t + 4026. Calculate g(11).
-100
Let y(f) = -386*f - 390*f + 770*f - 77 + 53. Determine y(-3).
-6
Let k(b) = -15*b**3 + 4*b**3 + 10*b**3 - 2*b - 5*b - 3*b**2 + b. What is k(-4)?
40
Let v(j) be the third derivative of -1/3*j**3 + 5/24*j**4 - 1/60*j**5 + 0 + 7*j**2 - 6*j. Give v(7).
-16
Let g(u) = u**2 + 13*u - 20. Let t be 1 + 117 - (11 + -13). Suppose -t = 7*s - 22. What is g(s)?
-6
Let b(g) = g**3 + 4*g**2 + 4*g + 3. Let l be b(-3). Suppose -2*f + 92 = -l*f. Let o(d) = -f - 2*d + 43 + d. Give o(-2).
-1
Let s(o) be the first derivative of -o**3/3 + o**2/2 + 42*o + 1742. What is s(9)?
-30
Suppose -25 = -u - 5*w, 5*w - 5 - 20 = -3*u. Let l(v) = 10*v + 9. Let t(c) = c + 1. Let k(r) = -2*l(r) + 18*t(r). Calculate k(u).
0
Let t(c) = c + 2. Let z be t(-6). Let v = -6 - z. Let q(i) be the first derivative of -5*i**2 - i + 24402. Calculate q(v).
19
Let f(h) = -h. Let z be f(5). Let t(a) = -3374*a - 18. Let s(c) = -281*c - 1. Let d(w) = -12*s(w) + t(w). Give d(z).
4
Let q(g) = -g**2 - 3*g - 1. Let u be 1/3*-4*(-2 + -1). Suppose 18 = -4*k - 3*t, 2*k - t + u = -0*t. Give q(k).
-1
Let p(y) be the third derivative of -y**5/20 + y**4/8 + 37*y**2 - 2*y. Suppose 3 = -6*c + 15. Calculate p(c).
-6
Let a(w) = w**2 - w - 134. Suppose -18 = z - 2*j, z = 13*j - 15*j - 2. What is a(z)?
-24
Suppose -61 - 6 = 23*s + 48. Let x(a) = -a**3 - 10*a**2 - 26*a. Give x(s).
5
Let i(s) = s**2 - 2. Let c(p) = 3*p**2 + p - 7. Let o be (5/(-15))/(1/12). Let y(n) = o*c(n) + 14*i(n). Let a(m) = -13*m + 3. Let r be a(0). Give y(r).
6
Let o(f) = 3*f + 1. Suppose 3*n + 30*u + 21 = 27*u, 4*n + 28 = 2*u. Determine o(n).
-20
Let v(h) = -h**3 - 6*h**2 - h - 14. Suppose -5*s + 5*t = 10, 3*s + 2*t = -2 + 11. Let k(b) = -7*b**3 - b**2 + 9*b - 7. Let f be k(s). Determine v(f).
-8
Let c(z) = z**3 - 2*z**2 + z - 4. Suppose -12 = 3*w, 0*l - 5*w = -2*l + 28. Suppose 24 = 2*v - l. Let y = -11 + v. Give c(y).
8
Let s(z) = -763383*z + 763382*z - 1 + 4. Suppose 3*b - 3*a - 63 = -0*a, -4*a - 40 = -2*b. Let h = b - 15. What is s(h)?
-4
Let y(g) = -15*g - 23 + 10*g - 16 + 9. What is y(-8)?
10
Let z(c) be the third derivative of -c**5/60 + c**4/6 - c**2 + 354. Give z(7).
-21
Suppose -4*y - 5*x + 99 = 0, 5*y - 90 = -5*x + 30. Suppose 0 = -17*m + y*m - 8. Let r(l) = -17*l + m + 2 + 21*l - 2*l**3 - 6*l**2 + 3*l**3. Give r(5).
-1
Let k(l) be the third derivative of -7*l**4/24 - 13*l**3/3 - 83*l**2 + 2*l. Determine k(-6).
16
Let o = 11229 + -11213. Let m(n) = 10*n - 149. Determine m(o).
11
Let g(f) be the first derivative of 10*f + 1/4*f**4 - 7/3*f**3 - 29 - 9/2*f**2. What is g(8)?
2
Suppose -5*o + 6 = -2*r, 3*o + 0*r - 4 = r. Let s be (18*o/(-4))/(-1). Let j(l) be the third derivative of l**4/24 - 7*l**3/6 - 10*l**2 + 4. Determine j(s).
2
Let y(g) = -g + 5. Let z = 157 - 153. Suppose 5*j + m + 27 = 0, 6*j =